-2485
In base 10, what is -199 - 1?
-200
In base 14, what is -2 - 537?
-539
In base 12, what is -5 + -209?
-212
In base 5, what is 3444 - -131?
4130
In base 14, what is -2 - -25d?
25b
In base 10, what is 32 - -41?
73
In base 10, what is 0 - 2?
-2
In base 16, what is 5a + 3?
5d
In base 2, what is 11 + 1101000010?
1101000101
In base 12, what is -41 - 56?
-97
In base 5, what is 4342 - 4?
4333
In base 8, what is 0 - -1136?
1136
In base 9, what is 6 - 136?
-130
In base 15, what is -110 + e?
-101
In base 10, what is -41772 + -1?
-41773
In base 16, what is e3 + -5?
de
In base 15, what is 1 - -443?
444
In base 5, what is -2140 - 424?
-3114
In base 6, what is 30 + -1?
25
In base 9, what is 5 - -2016?
2022
In base 5, what is 1 + 2401?
2402
In base 5, what is -14232 + 2?
-14230
In base 4, what is 10 - 1111?
-1101
In base 4, what is 0 + 11221?
11221
In base 8, what is -56 + -4?
-62
In base 10, what is -66 + -4?
-70
In base 12, what is 3a + 6?
44
In base 12, what is -b4 - 0?
-b4
In base 6, what is 10 + -15?
-5
In base 2, what is -1011 + 100011?
11000
In base 16, what is 5b + -10?
4b
In base 4, what is 322 - -2?
330
In base 5, what is -10 - -143?
133
In base 4, what is -300 + -22?
-322
In base 8, what is 2000 - 1?
1777
In base 9, what is 7 + -426?
-418
In base 10, what is 0 + 1025?
1025
In base 11, what is -6 + 17a?
174
In base 9, what is -4 + -42?
-46
In base 13, what is -5 - 287?
-28c
In base 6, what is -120 + 22?
-54
In base 16, what is 1 - -128?
129
In base 9, what is -40 - -161?
121
In base 11, what is 9460 + -4?
9457
In base 11, what is -44 + -2?
-46
In base 14, what is -a + 22?
16
In base 2, what is 1 + -11110101000?
-11110100111
In base 6, what is 12014 - 5?
12005
In base 3, what is -1201 - -2021?
120
In base 6, what is 5 - 30501?
-30452
In base 4, what is 313033 + 0?
313033
In base 5, what is 14 - -1040?
1104
In base 5, what is -4 + -202?
-211
In base 15, what is 4 - 236?
-232
In base 8, what is 3 + -35?
-32
In base 10, what is 5 + -950?
-945
In base 15, what is 2 - 2b?
-29
In base 14, what is 2d + 1?
30
In base 4, what is 10 + 3112?
3122
In base 14, what is 3 + -67?
-64
In base 12, what is 19 - 13?
6
In base 12, what is 9 + 3?
10
In base 10, what is 347 + -5?
342
In base 13, what is -12 + -2?
-14
In base 11, what is 4 - aa?
-a6
In base 3, what is 0 + 22111?
22111
In base 6, what is 3313 - -24?
3341
In base 7, what is 3 + -232?
-226
In base 12, what is a + 22?
30
In base 8, what is -3156 + -6?
-3164
In base 3, what is 102101 - -22?
102200
In base 10, what is -936 + 8?
-928
In base 12, what is 117b4 - 0?
117b4
In base 8, what is -2 - -4132?
4130
In base 13, what is -114 - -2?
-112
In base 8, what is -122 + -152?
-274
In base 6, what is -3 - -2015?
2012
In base 11, what is 433 - 4?
42a
In base 3, what is 122 - 22?
100
In base 10, what is -4 - -40?
36
In base 11, what is -1881a - -4?
-18816
In base 6, what is 13 + 4231?
4244
In base 2, what is -11111 - -111101?
11110
In base 8, what is 4751 + 0?
4751
In base 13, what is -4 + 1aa?
1a6
In base 2, what is -101 + -100011?
-101000
In base 11, what is -1 + -66?
-67
In base 6, what is 111 - -25?
140
In base 10, what is -7321 - -1?
-7320
In base 9, what is -60 - 2?
-62
In base 2, what is -1 - 111100?
-111101
In base 6, what is 101 - 4?
53
In base 4, what is 31320 + -10?
31310
In base 12, what is 42 - 1?
41
In base 7, what is -1034 - 0?
-1034
In base 9, what is 16 + 2221?
2237
In base 2, what is -101 + -10100100110?
-10100101011
In base 4, what is -10131 - 0?
-10131
In base 10, what is -21 - 784?
-805
In base 14, what is 0 + bc?
bc
In base 14, what is -772 - -1?
-771
In base 10, what is -3357 - 4?
-3361
In base 12, what is b + -12b7?
-12a8
In base 16, what is -2 + -3f?
-41
In base 3, what is 220 + -10021?
-2101
In base 9, what is -202 - -2?
-200
In base 12, what is 20a + 2?
210
In base 15, what is -5 - -74?
6e
In base 16, what is a5 - 13?
92
In base 4, what is -330200 - 1?
-330201
In base 6, what is 2 - 502?
-500
In base 3, what is -12 - -100020?
100001
In base 4, what is 11 - 3232?
-3221
In base 11, what is -4 + 148?
144
In base 7, what is 2 + -1300?
-1265
In base 7, what is 5 - -6302?
6310
In base 13, what is 4 - -655?
659
In base 4, what is 11 + -200?
-123
In base 16, what is 0 + -113?
-113
In base 13, what is -6 + 2c7?
2c1
In base 2, what is -111011011001 - 10?
-111011011011
In base 8, what is -5 + 1142?
1135
In base 7, what is 13625 - -5?
13633
In base 9, what is 100 - -4?
104
In base 16, what is -a5 - -4?
-a1
In base 11, what is -13 + a?
-4
In base 12, what is 0 + 1a?
1a
In base 15, what is -28 + 17?
-11
In base 2, what is 10 + 10000111?
10001001
In base 7, what is 664 + -5?
656
In base 16, what is -2 + -83?
-85
In base 12, what is -1aa + -19?
-207
In base 2, what is 111 - 10001?
-1010
In base 12, what is -297 - 5?
-2a0
In base 5, what is 2 + 24?
31
In base 16, what is -4 - 137?
-13b
In base 13, what is -3 - -40?
3a
In base 5, what is -10 + 133?
123
In base 8, what is -327 + -5?
-334
In base 6, what is 4 + 23?
31
In base 15, what is 1 + 1a6?
1a7
In base 10, what is 57 + -2?
55
In base 3, what is -20112101 - -11?
-20112020
In base 9, what is -4 + -2124?
-2128
In base 2, what is 1010 - -111010?
1000100
In base 13, what is -2 - -4b?
49
In base 12, what is 13 + 1b?
32
In base 9, what is -8 - -43?
34
In base 10, what is -5 - 6025?
-6030
In base 3, what is 102012 + 1121?
110210
In base 5, what is -4 - 123?
-132
In base 6, what is -21 + -15?
-40
In base 10, what is 4 + -59?
-55
In base 13, what is -619b + -2?
-61a0
In base 9, what is -25 - -3?
-22
In base 12, what is 10b4 + 3?
10b7
In base 2, what is 11 + -110100000101?
-110100000010
In base 13, what is -5 + 21c?
217
In base 4, what is -3031 - -10?
-3021
In base 8, what is 5040 - 5?
5033
In base 2, what is -1010000 + 1010?
-1000110
In base 13, what is 7 + 373?
37a
In base 7, what is -420 + 4?
-413
In base 4, what is -1322 - 0?
-1322
In base 13, what is -8 - -26?
1b
In base 15, what is 1 + 74d?
74e
In base 10, what is -2 - 930?
-932
In base 7, what is -20166 - 3?
-20202
In base 14, what is 1aca + -4?
1ac6
In base 3, what is 101 + -1002?
-201
In base 6, what is 11333 + -4?
11325
In base 10, what is 3212 - -1?
3213
In base 10, what is -3 + -1227?
-1230
In base 4, what is -23 - 12?
-101
In base 7, what is -16 + -55?
-104
In base 14, what is 154c - 0?
154c
In base 15, what is 122 + 4?
126
In base 10, what is -192 + 2?
-190
In base 11, what is 3 + 110?
113
In base 5, what is 2 + 1043?
1100
In base 2, what is 1 - 1110101?
-1110100
In base 10, what is 19 - 25?
-6
In base 8, what is 54 + 6?
62
In base 15, what is -7 + b6?
ae
In base 6, what is -20120 + 2?
-20114
In base 12, what is 7 - 0?
7
In base 3, what is 12 + -122100?
-122011
In base 15, what is 3 - b?
-8
In base 4, what is -2030212 - -2?
-2030210
In base 8, what is -3 + 1460?
1455
In base 8, what is 6 - -670?
676
In base 16, what is -e1 - 2b?
-10c
In base 6, what is -14 + 1144?
1130
In base 12, what is 9 - -3a?
47
In base 13, what is -5a - -9?
-51
In base 6, what is 1110 - -1?
1111
In base 11, what is -122 + 9?
-114
In base 9, what is -4 - 18?
-23
In base 8, what is -6343 - -1?
-6342
In base 13, what is -12902 - 5?
-12907
In base 2, what is -100001101 - 100?
-100010001
In base 5, what is -4 + -1041?
-1100
In base 15, what is 7 - -61?
68
In base 11, what is 5 - 10a?
-105
In base 15, what is 7b7 + 3?
7ba
In base 15, what is -4 + 247?
243
In base 3, what is -20 - -1220221?
1220201
In base 10, what is 16 - 6?
10
In base 9, what is 17 - 10?
7
In base 3, what is 22 - 1?
21
In base 7, what is -40640 + 1?
-40636
In base 4, what is 1022103 + -3?
1022100
In base 3, what is -11 + 1111212?
1111201
In base 16, what is 3 - 4a?
-47
In base 2, what is 1 + 101101?
101110
In base 12, what is 69 - -b?
78
In base 15, what is 3 + 16?
19
In base 15, what is 71 - 18?
58
In base 15, what is 6b8 + 3?
6bb
In base 16, what is -3b + -9?
-44
In base 4, what is -3312100 + 3?
-3312031
In base 6, what is 142421 - -5?
142430
In base 16, what is 5 + 46?
4b
In base 8, what is 213 - -15?
230
In base 14, what is -5 - 57?
-5c
In base 2, what is 1110111101 + -10?
1110111011
In base 12, what is -1268 - -3?
-1265
In base 12, what is 3b7 - 1?
3b6
In base 3, what is -120200 + 11?
-120112
In base 10, what is 4 + 36?
40
In base 5, what is -4 - -222001?
